g - c = -r, 2*c - 265 = -2*g - c. What are the prime factors of g?
131
Let h = 7 - 10. Let s(m) = -7*m**2 + 11*m - 4. Let l(r) = 4*r**2 - 6*r + 2. Let q(z) = -5*l(z) - 3*s(z). What are the prime factors of q(h)?
2, 5
Suppose 2*w = -2*b - 66, -5*b + 2*b = -w + 103. Let f = b - -114. What are the prime factors of f?
2, 5
Suppose -7830 + 1510 = -16*u. List the prime factors of u.
5, 79
Suppose -6 = 3*u - 6*s + s, u + 2 = 3*s. Let c(a) = 9*a**2 + 8*a. List the prime factors of c(u).
2, 5
Suppose 0 = -5*t + 25, 3*u = -4*t - 10 + 48. Suppose -4*z + 3*z + u = 0. Let m(a) = -a**3 + 7*a**2 - 6*a + 14. List the prime factors of m(z).
2, 7
Let k(a) = -a**2 - 6*a + 4. Let c be k(-4). Suppose -604 = -16*q + c*q. What are the prime factors of q?
151
Let j = -242 + 115. Let p = 65 - j. List the prime factors of p.
2, 3
Suppose -6*z + z = -10. Suppose -z*p + 2*c + 12 = -116, -5*p + 3*c = -328. List the prime factors of p.
2, 17
Suppose -1 = n - 6. Suppose -n*o - g = -12, -o - 5*g + 2*g + 8 = 0. Suppose -o*r = 2*u + 3*r - 117, 3*r - 264 = -5*u. What are the prime factors of u?
3, 17
Let a = -6 - 1. Let n = -9 - a. List the prime factors of (-1)/(-4)*n*-34.
17
Suppose 2*f + w - 2 = 0, 26 = 2*f - 4*w - w. Suppose 426 = f*m + 3*m. List the prime factors of m.
71
Let h = 56 + -52. Suppose 504 = h*i + 92. What are the prime factors of i?
103
Let k be (2/4)/((-3)/(-18)). Suppose 8 = -k*w + 20. Suppose -g - 92 = -3*t + 3, -149 = -5*t + w*g. List the prime factors of t.
3, 11
Suppose 9*w - 4*w - 25 = 0. Suppose -6*u + u + w*t = 0, -2*t = 5*u - 28. Suppose x + 54 = u*x. What are the prime factors of x?
2, 3
Let i = 2639 + -766. List the prime factors of i.
1873
Suppose -t - 4*k + 23 + 46 = 0, -4*k = -4*t + 236. List the prime factors of t.
61
Suppose -h + 32 = 17. List the prime factors of (48/(-1))/(h/(-10)).
2
Let f(a) = 4*a**2 - 9*a - 45. Let y(d) = -2*d**2 + 5*d + 23. Let h(l) = -4*f(l) - 9*y(l). What are the prime factors of h(-8)?
173
Let t(h) = -h**3 + 10*h**2 - 2. Let a be t(10). Let w(q) = 1. Let k(i) = -8*i + 5. Let d(y) = k(y) - 3*w(y). What are the prime factors of d(a)?
2, 3
Suppose -m - 13*m + 7826 = 0. What are the prime factors of m?
13, 43
Suppose -3*f = -3*x + 12, -4*x + 4*f = -f - 19. List the prime factors of 3 + -58*x/(-2).
2
List the prime factors of ((-11)/2)/(12/(-10536)).
11, 439
List the prime factors of 684 + (9 - 2)/(-7).
683
Suppose -3*n = n - 560. Suppose 5*i + n = -0*i. Let v = 0 - i. What are the prime factors of v?
2, 7
Suppose -3*a + 2 = 11. Let w be -1*2/(-4 - a). Suppose -h + 16 = 3*g + 4, h - w*g + 3 = 0. What are the prime factors of h?
3
Let h(l) = 4*l**2 - 60*l - 1. List the prime factors of h(19).
3, 101
Let q(h) = 2*h**2 - 3*h + 2. Let d be q(-4). Let x be 3/(-4) - d/(-8). Suppose 4*g + x*w = w + 8, 0 = 5*g - 5*w - 50. List the prime factors of g.
2, 3
What are the prime factors of (-66)/(-6) + 833 - 10?
2, 3, 139
Suppose 156 = -g + 44. Let j = g + 190. Let u = j - 45. What are the prime factors of u?
3, 11
Suppose t - 2*t + 4*z = 20, 0 = z - 4. Let p = -4 - -35. Let w = p + t. List the prime factors of w.
3
Let i be -25*(1 - 18/10). What are the prime factors of (-5)/i + (-113)/(-4)?
2, 7
What are the prime factors of (-24599)/(-15) - (-59)/885?
2, 5, 41
Suppose 0*c = 2*c + 4. What are the prime factors of 81 - (c - -1)/(2 + -1)?
2, 41
Suppose -48*o + 35*o = -11336. List the prime factors of o.
2, 109
Suppose -20 = 4*p - 100. Let t be (10/p)/(1/6). Suppose -d - 1 = 4*s, -2*s - s = t*d - 24. List the prime factors of d.
11
List the prime factors of 11*10*60/25.
2, 3, 11
Suppose -15*s + 10083 = -7287. What are the prime factors of s?
2, 3, 193
Suppose 0 = 5*s - 5*a - 1087 - 3343, -3*s + a = -2650. What are the prime factors of s?
2, 3, 7
Suppose -11 = -4*a + 1. Let r be -4 - (3 + a)*2. Let b = r - -23. What are the prime factors of b?
7
Let l(w) be the third derivative of -w**4/24 - 3*w**3/2 - 5*w**2. Let b be l(-9). Suppose 2*z + 3 - 73 = b. What are the prime factors of z?
5, 7
Let f = -6 + 6. Suppose f = -2*s + 2 + 4. List the prime factors of 38/4 + s/(-6).
3
Let r = 263 + -163. Let o = -23 + r. List the prime factors of o.
7, 11
Let d be (3/(-6))/(2/(-8)). Suppose -d*s = -s. Suppose -4*p + s*v + 4*v + 72 = 0, 0 = -5*p + 2*v + 87. List the prime factors of p.
17
Suppose 4652 = 14*l - 3720. List the prime factors of l.
2, 13, 23
Let a(g) = -g**3 - 12*g**2 + 4*g - 2. Let t be a(-14). Let v = t - 199. List the prime factors of v.
3, 5
Let l(i) be the third derivative of 0 - 7*i**2 - 7/6*i**3 + 1/120*i**6 + 3/10*i**5 + 0*i - 5/6*i**4. What are the prime factors of l(-19)?
2, 3
Let y be 16/(16/4) + -1. Suppose -41 = -2*h + y*z + 80, 0 = -2*h + 4*z + 124. What are the prime factors of h?
2, 7
Let k = 351 - -172. List the prime factors of k.
523
Suppose r - 3 = -1. Let t(d) = -10 + 0 + 8*d - r - d. What are the prime factors of t(10)?
2, 29
List the prime factors of 1*57/9*204.
2, 17, 19
Let y = 30 - 23. Suppose -3*f = -5*m - 222, y*f - 5*m = 2*f + 370. List the prime factors of f.
2, 37
Let s = 2542 - 1603. List the prime factors of s.
3, 313
Suppose 4*d = 16 + 64. Let s = -20 - -22. Suppose -s*c + d = -28. What are the prime factors of c?
2, 3
Suppose -25 = j - 4*g - 10, 4*j - 20 = -4*g. Let k(c) = j + 3*c**2 - c**2 + 3. List the prime factors of k(3).
2, 11
Suppose 3*r = -3*u - 372, 3*r - u + 372 = -3*u. Let d = r + 174. What are the prime factors of d?
2, 5
Let q(d) = -28*d - 18. What are the prime factors of q(-25)?
2, 11, 31
Let j be (2826/8)/(4/(-1 + 17)). Suppose -568 = -2*c + 4*w, -j = -5*c + 2*w + w. What are the prime factors of c?
2, 3, 47
Suppose 7159 + 37916 = 25*n. What are the prime factors of n?
3, 601
Let s(m) = -m**2 - 9*m - 27. Let j be s(-6). Let i = 38 + j. List the prime factors of i.
29
Let r = -643 - -787. List the prime factors of r.
2, 3
Let u(x) = -x**3 + 3*x**2 - 6*x + 31. Let i(p) = -p**2 + p. Let w(c) = 5*i(c) + u(c). What are the prime factors of w(0)?
31
Let d(b) = b**2 - 18*b + 39. Let o be d(12). Suppose -4*s - 6*v = -v + 93, -5*s = 2*v + 112. Let t = s - o. What are the prime factors of t?
11
Suppose 0 = -0*t - t - 2*a, -8 = 4*a. Suppose 4*h + j = 98 - 33, 0 = t*h + 5*j - 85. Suppose 5*g - 3*x - 107 + 6 = 0, 0 = 5*x - h. List the prime factors of g.
2, 11
Suppose -z - 20 = -0. Let p = z + 24. List the prime factors of -6*p/(-8) - -17.
2, 5
Let h(w) = -41*w - 531. What are the prime factors of h(-21)?
2, 3, 5, 11
Let b(p) = -p**2 + 6*p - 3. Let c be b(4). Suppose 0 = 4*v + 2*v. Suppose 72 = -0*l + 3*l - 5*n, c*l - 5*n - 110 = v. What are the prime factors of l?
19
Let t(m) = -4*m - 16. Let l be t(-5). Suppose -27 + 183 = l*p. What are the prime factors of p?
3, 13
Suppose 2*y = 3*s + 6086, 19*y - 3042 = 18*y + 2*s. List the prime factors of y.
2, 1523
Suppose 0 = -5*j - r + 26, 0 = r - 2 + 1. Suppose -j*m + 4*m = 4. What are the prime factors of m*(0 + -4)/1?
2
Suppose -3*h - h + 20 = 0. Let y be 2/(-7)*-14*2/2. Suppose 15 = -h*q, -5*s = -0*q + y*q - 33. List the prime factors of s.
3
Let b(q) = -q**2 - 5*q. Let s be b(-5). Let p be (0 + 4/10)/((-12)/(-60)). Suppose 2*i + p*i - 124 = s. What are the prime factors of i?
31
Let q(c) = 2*c**2 + 16*c + 9. Suppose 3*p + 7 = -20. List the prime factors of q(p).
3
Let n(b) = b**3 - 13*b**2 - 1. Let h be n(13). List the prime factors of (655/(-5) + 0)*h.
131
Let z = 46 - 46. Suppose -5*l + 165 = -z*r + r, -4*l = -r - 132. What are the prime factors of l?
3, 11
Suppose o = -4*q + 775, 0 = -q - 4*o + 1 + 204. Let u = q - 7. List the prime factors of u.
2, 3, 31
Let o(i) = -i**2 + 25*i + 7. Let p(c) = c**2 - 13*c - 3. Let j(m) = 6*o(m) + 11*p(m). List the prime factors of j(-4).
61
What are the prime factors of 254 + (-10 - 18/(-3))?
2, 5
Suppose 84 = w + 3*o, -w - o + 88 = -2*o. Suppose x - 4*x + w = 0. List the prime factors of x.
29
Let b(s) = s**2 - 18*s + 19. Let a be b(17). Suppose -3*j + 334 = -n - 3*n, -3*j = -a*n - 344. List the prime factors of j.
2, 59
Let g(a) = 8*a**2 + 5*a - 2. Suppose 3*u + 14 = h, 2*h = 3*u + 3*h + 4. What are the prime factors of g(u)?
5, 11
Let a(v) = v**2 + 3*v**3 - 2*v**3 - 2*v**3 + 59 + 0*v**3 + 2*v. List the prime factors of a(0).
59
Let n = -1 + 3. Suppose -38*m + 570 = -32*m. Suppose 3*k + 5 = 4*c - 71, -5*c = n*